[INFO] fetching crate olaf2 0.0.3...
[INFO] checking olaf2-0.0.3 against try#72f88fc4e9458f89516a0b8b0868f3718aec5b47 for pr-74989
[INFO] extracting crate olaf2 0.0.3 into /workspace/builds/worker-1/source
[INFO] validating manifest of crates.io crate olaf2 0.0.3 on toolchain 72f88fc4e9458f89516a0b8b0868f3718aec5b47
[INFO] running `Command { std: "/workspace/cargo-home/bin/cargo" "+72f88fc4e9458f89516a0b8b0868f3718aec5b47" "read-manifest" "--manifest-path" "Cargo.toml", kill_on_drop: false }`
[INFO] started tweaking crates.io crate olaf2 0.0.3
[INFO] finished tweaking crates.io crate olaf2 0.0.3
[INFO] tweaked toml for crates.io crate olaf2 0.0.3 written to /workspace/builds/worker-1/source/Cargo.toml
[INFO] running `Command { std: "/workspace/cargo-home/bin/cargo" "+72f88fc4e9458f89516a0b8b0868f3718aec5b47" "generate-lockfile" "--manifest-path" "Cargo.toml" "-Zno-index-update", kill_on_drop: false }`
[INFO] running `Command { std: "/workspace/cargo-home/bin/cargo" "+72f88fc4e9458f89516a0b8b0868f3718aec5b47" "fetch" "--locked" "--manifest-path" "Cargo.toml", kill_on_drop: false }`
[INFO] [stderr] warning: the cargo feature `edition` is now stable and is no longer necessary to be listed in the manifest
[INFO] [stderr]  Downloading crates ...
[INFO] [stderr]   Downloaded isatty v0.1.9
[INFO] [stderr]   Downloaded simplelog v0.5.3
[INFO] [stderr]   Downloaded abscissa_derive v0.0.2
[INFO] [stderr]   Downloaded oauth2 v2.0.0
[INFO] [stderr]   Downloaded abscissa v0.0.4
[INFO] [stderr]   Downloaded canonical-path v0.1.1
[INFO] [stderr]   Downloaded serde_qs v0.4.6
[INFO] running `Command { std: "docker" "create" "-v" "/var/lib/crater-agent-workspace/builds/worker-1/target:/opt/rustwide/target:rw,Z" "-v" "/var/lib/crater-agent-workspace/builds/worker-1/source:/opt/rustwide/workdir:ro,Z" "-v" "/var/lib/crater-agent-workspace/cargo-home:/opt/rustwide/cargo-home:ro,Z" "-v" "/var/lib/crater-agent-workspace/rustup-home:/opt/rustwide/rustup-home:ro,Z" "-e" "SOURCE_DIR=/opt/rustwide/workdir" "-e" "CARGO_TARGET_DIR=/opt/rustwide/target" "-e" "CARGO_HOME=/opt/rustwide/cargo-home" "-e" "RUSTUP_HOME=/opt/rustwide/rustup-home" "-w" "/opt/rustwide/workdir" "-m" "1610612736" "--user" "0:0" "--network" "none" "rustops/crates-build-env@sha256:d92eaeed33fa75130ca1ee6c8a01d1ffb62bac859dfdfb3450e3e5d1c0146529" "/opt/rustwide/cargo-home/bin/cargo" "+72f88fc4e9458f89516a0b8b0868f3718aec5b47" "metadata" "--no-deps" "--format-version=1", kill_on_drop: false }`
[INFO] [stdout] bdb23c577d16bbaf533f6c716b533371e3e4de60fa2201cffba2bd58cd1c0ab4
[INFO] [stderr] WARNING: Your kernel does not support swap limit capabilities or the cgroup is not mounted. Memory limited without swap.
[INFO] running `Command { std: "docker" "start" "-a" "bdb23c577d16bbaf533f6c716b533371e3e4de60fa2201cffba2bd58cd1c0ab4", kill_on_drop: false }`
[INFO] running `Command { std: "docker" "inspect" "bdb23c577d16bbaf533f6c716b533371e3e4de60fa2201cffba2bd58cd1c0ab4", kill_on_drop: false }`
[INFO] running `Command { std: "docker" "rm" "-f" "bdb23c577d16bbaf533f6c716b533371e3e4de60fa2201cffba2bd58cd1c0ab4", kill_on_drop: false }`
[INFO] [stdout] bdb23c577d16bbaf533f6c716b533371e3e4de60fa2201cffba2bd58cd1c0ab4
[INFO] running `Command { std: "docker" "create" "-v" "/var/lib/crater-agent-workspace/builds/worker-1/target:/opt/rustwide/target:rw,Z" "-v" "/var/lib/crater-agent-workspace/builds/worker-1/source:/opt/rustwide/workdir:ro,Z" "-v" "/var/lib/crater-agent-workspace/cargo-home:/opt/rustwide/cargo-home:ro,Z" "-v" "/var/lib/crater-agent-workspace/rustup-home:/opt/rustwide/rustup-home:ro,Z" "-e" "SOURCE_DIR=/opt/rustwide/workdir" "-e" "CARGO_TARGET_DIR=/opt/rustwide/target" "-e" "CARGO_INCREMENTAL=0" "-e" "RUST_BACKTRACE=full" "-e" "RUSTFLAGS=--cap-lints=forbid" "-e" "CARGO_HOME=/opt/rustwide/cargo-home" "-e" "RUSTUP_HOME=/opt/rustwide/rustup-home" "-w" "/opt/rustwide/workdir" "-m" "1610612736" "--user" "0:0" "--network" "none" "rustops/crates-build-env@sha256:d92eaeed33fa75130ca1ee6c8a01d1ffb62bac859dfdfb3450e3e5d1c0146529" "/opt/rustwide/cargo-home/bin/cargo" "+72f88fc4e9458f89516a0b8b0868f3718aec5b47" "check" "--frozen" "--all" "--all-targets" "--message-format=json", kill_on_drop: false }`
[INFO] [stdout] 4f69b998ea47768a9d08954b6ec805b4e504ec271944f43b18390c33ad2168d2
[INFO] [stderr] WARNING: Your kernel does not support swap limit capabilities or the cgroup is not mounted. Memory limited without swap.
[INFO] running `Command { std: "docker" "start" "-a" "4f69b998ea47768a9d08954b6ec805b4e504ec271944f43b18390c33ad2168d2", kill_on_drop: false }`
[INFO] [stderr] warning: the cargo feature `edition` is now stable and is no longer necessary to be listed in the manifest
[INFO] [stderr]    Compiling libc v0.2.77
[INFO] [stderr]     Checking cfg-if v0.1.10
[INFO] [stderr]     Checking lazy_static v1.4.0
[INFO] [stderr]    Compiling proc-macro2 v1.0.21
[INFO] [stderr]    Compiling unicode-xid v0.2.1
[INFO] [stderr]     Checking matches v0.1.8
[INFO] [stderr]    Compiling serde_derive v1.0.116
[INFO] [stderr]    Compiling version_check v0.9.2
[INFO] [stderr]    Compiling serde v1.0.116
[INFO] [stderr]    Compiling version_check v0.1.5
[INFO] [stderr]    Compiling bitflags v1.2.1
[INFO] [stderr]    Compiling ryu v1.0.5
[INFO] [stderr]     Checking quick-error v1.2.3
[INFO] [stderr]     Checking stable_deref_trait v1.2.0
[INFO] [stderr]    Compiling serde_json v1.0.57
[INFO] [stderr]     Checking subtle v2.3.0
[INFO] [stderr]     Checking match_cfg v0.1.0
[INFO] [stderr]     Checking arc-swap v0.4.7
[INFO] [stderr]     Checking subtle v1.0.0
[INFO] [stderr]     Checking scopeguard v0.3.3
[INFO] [stderr]     Checking zeroize v1.1.0
[INFO] [stderr]     Checking byte-tools v0.2.0
[INFO] [stderr]    Compiling curl v0.4.33
[INFO] [stderr]    Compiling v_htmlescape v0.4.5
[INFO] [stderr]     Checking arrayref v0.3.6
[INFO] [stderr]     Checking semver-parser v0.7.0
[INFO] [stderr]     Checking safemem v0.3.3
[INFO] [stderr]     Checking lazycell v1.3.0
[INFO] [stderr]     Checking canonical-path v0.1.1
[INFO] [stderr]     Checking sha1 v0.6.0
[INFO] [stderr]     Checking data-encoding v2.3.0
[INFO] [stderr]     Checking termcolor v1.1.0
[INFO] [stderr]     Checking language-tags v0.2.2
[INFO] [stderr]     Checking open v1.4.0
[INFO] [stderr]    Compiling num-traits v0.2.12
[INFO] [stderr]    Compiling num-integer v0.1.43
[INFO] [stderr]    Compiling miniz-sys v0.1.12
[INFO] [stderr]    Compiling brotli-sys v0.3.2
[INFO] [stderr]    Compiling clear_on_drop v0.2.4
[INFO] [stderr]     Checking tower-service v0.1.0
[INFO] [stderr]    Compiling libz-sys v1.1.2
[INFO] [stderr]    Compiling curl-sys v0.4.36+curl-7.71.1
[INFO] [stderr]     Checking rand_core v0.3.1
[INFO] [stderr]     Checking try_from v0.3.2
[INFO] [stderr]     Checking owning_ref v0.4.1
[INFO] [stderr]     Checking unicode-bidi v0.3.4
[INFO] [stderr]     Checking thread_local v1.0.1
[INFO] [stderr]     Checking crossbeam-utils v0.6.6
[INFO] [stderr]     Checking humantime v1.3.0
[INFO] [stderr]     Checking lru-cache v0.1.2
[INFO] [stderr]     Checking block-buffer v0.3.3
[INFO] [stderr]     Checking log v0.4.11
[INFO] [stderr]     Checking semver v0.9.0
[INFO] [stderr]     Checking rand_hc v0.1.0
[INFO] [stderr]     Checking rand_xorshift v0.1.1
[INFO] [stderr]     Checking rand_isaac v0.1.1
[INFO] [stderr]    Compiling unicase v2.6.0
[INFO] [stderr]    Compiling error-chain v0.12.4
[INFO] [stderr]    Compiling nom v4.2.3
[INFO] [stderr]    Compiling actix-web v0.7.19
[INFO] [stderr]     Checking lock_api v0.1.5
[INFO] [stderr]     Checking crc32fast v1.2.0
[INFO] [stderr]     Checking encoding_rs v0.8.24
[INFO] [stderr]     Checking base64 v0.9.3
[INFO] [stderr]    Compiling parking_lot_core v0.4.0
[INFO] [stderr]     Checking crossbeam-utils v0.7.2
[INFO] [stderr]     Checking rand_chacha v0.1.1
[INFO] [stderr]     Checking generic-array v0.9.0
[INFO] [stderr]     Checking idna v0.1.5
[INFO] [stderr]     Checking idna v0.2.0
[INFO] [stderr]     Checking crossbeam-channel v0.3.9
[INFO] [stderr]     Checking want v0.2.0
[INFO] [stderr]     Checking regex v1.3.9
[INFO] [stderr]    Compiling syn v0.14.9
[INFO] [stderr]     Checking block-cipher-trait v0.6.2
[INFO] [stderr]     Checking universal-hash v0.3.0
[INFO] [stderr]     Checking crypto-mac v0.7.0
[INFO] [stderr]     Checking aead v0.2.0
[INFO] [stderr]     Checking block-buffer v0.7.3
[INFO] [stderr]     Checking digest v0.7.6
[INFO] [stderr]    Compiling actix_derive v0.3.2
[INFO] [stderr]     Checking tokio-executor v0.1.10
[INFO] [stderr]     Checking crossbeam-epoch v0.8.2
[INFO] [stderr]     Checking crossbeam-queue v0.2.3
[INFO] [stderr]     Checking aes-soft v0.3.3
[INFO] [stderr]     Checking polyval v0.3.3
[INFO] [stderr]     Checking hmac v0.7.1
[INFO] [stderr]     Checking sha2 v0.8.2
[INFO] [stderr]     Checking sha2 v0.7.1
[INFO] [stderr]    Compiling quote v1.0.7
[INFO] [stderr]     Checking url v2.1.1
[INFO] [stderr]     Checking iovec v0.1.4
[INFO] [stderr]     Checking num_cpus v1.13.0
[INFO] [stderr]     Checking net2 v0.2.35
[INFO] [stderr]     Checking parking_lot_core v0.6.2
[INFO] [stderr]     Checking backtrace v0.3.50
[INFO] [stderr]     Checking time v0.1.44
[INFO] [stderr]     Checking rand_os v0.1.3
[INFO] [stderr]     Checking socket2 v0.3.15
[INFO] [stderr]     Checking openssl-sys v0.9.58
[INFO] [stderr]     Checking rand v0.5.6
[INFO] [stderr]     Checking getrandom v0.1.15
[INFO] [stderr]     Checking hostname v0.3.1
[INFO] [stderr]     Checking signal-hook-registry v1.2.1
[INFO] [stderr]     Checking dirs v1.0.5
[INFO] [stderr]     Checking atty v0.2.14
[INFO] [stderr]     Checking isatty v0.1.9
[INFO] [stderr]     Checking url v1.7.2
[INFO] [stderr]    Compiling mime_guess v2.0.3
[INFO] [stderr]     Checking tokio-timer v0.2.13
[INFO] [stderr]     Checking tokio-current-thread v0.1.7
[INFO] [stderr]     Checking hkdf v0.8.0
[INFO] [stderr]     Checking ghash v0.2.3
[INFO] [stderr]     Checking crossbeam-deque v0.7.3
[INFO] [stderr]     Checking aes v0.3.2
[INFO] [stderr]     Checking bytes v0.4.12
[INFO] [stderr]     Checking futures-cpupool v0.1.8
[INFO] [stderr]    Compiling syn v1.0.40
[INFO] [stderr]     Checking parking_lot v0.9.0
[INFO] [stderr]     Checking mio v0.6.22
[INFO] [stderr]     Checking rand v0.6.5
[INFO] [stderr]     Checking resolv-conf v0.6.3
[INFO] [stderr]     Checking flate2 v1.0.17
[INFO] [stderr]     Checking rand_core v0.5.1
[INFO] [stderr]     Checking term v0.5.2
[INFO] [stderr]     Checking env_logger v0.5.13
[INFO] [stderr]     Checking aes-gcm v0.5.0
[INFO] [stderr]     Checking tokio-threadpool v0.1.18
[INFO] [stderr]     Checking openssl v0.10.30
[INFO] [stderr]     Checking cookie v0.12.0
[INFO] [stderr]     Checking tokio-io v0.1.13
[INFO] [stderr]     Checking http v0.1.21
[INFO] [stderr]     Checking string v0.2.1
[INFO] [stderr]     Checking tokio-buf v0.1.1
[INFO] [stderr]     Checking publicsuffix v1.5.4
[INFO] [stderr]     Checking rand_chacha v0.2.2
[INFO] [stderr]     Checking mio-uds v0.6.8
[INFO] [stderr]     Checking rand v0.7.3
[INFO] [stderr]     Checking tokio-reactor v0.1.12
[INFO] [stderr]     Checking tokio-codec v0.1.2
[INFO] [stderr]     Checking tokio-fs v0.1.7
[INFO] [stderr]     Checking uuid v0.7.4
[INFO] [stderr]     Checking tokio-tcp v0.1.4
[INFO] [stderr]     Checking tokio-udp v0.1.6
[INFO] [stderr]     Checking tokio-uds v0.2.7
[INFO] [stderr]     Checking tokio-signal v0.2.9
[INFO] [stderr]    Compiling abscissa_derive v0.0.2
[INFO] [stderr]     Checking parking_lot v0.7.1
[INFO] [stderr]     Checking tokio v0.1.22
[INFO] [stderr]     Checking brotli2 v0.3.2
[INFO] [stderr]     Checking cookie v0.11.3
[INFO] [stderr]     Checking h2 v0.1.26
[INFO] [stderr]     Checking http-body v0.1.0
[INFO] [stderr]    Compiling synstructure v0.12.4
[INFO] [stderr]     Checking native-tls v0.2.4
[INFO] [stderr]    Compiling failure_derive v0.1.8
[INFO] [stderr]    Compiling v_escape_derive v0.5.6
[INFO] [stderr]     Checking hyper v0.12.35
[INFO] [stderr]     Checking failure v0.1.8
[INFO] [stderr]     Checking v_escape v0.7.4
[INFO] [stderr]     Checking trust-dns-proto v0.6.3
[INFO] [stderr]     Checking trust-dns-proto v0.5.0
[INFO] [stderr]     Checking hyper-tls v0.3.2
[INFO] [stderr]     Checking trust-dns-resolver v0.10.3
[INFO] [stderr]     Checking actix v0.7.9
[INFO] [stderr]     Checking actix-net v0.2.6
[INFO] [stderr]     Checking serde_urlencoded v0.5.5
[INFO] [stderr]     Checking chrono v0.4.15
[INFO] [stderr]     Checking toml v0.4.10
[INFO] [stderr]     Checking url_serde v0.2.0
[INFO] [stderr]     Checking serde_qs v0.4.6
[INFO] [stderr]     Checking cookie_store v0.7.0
[INFO] [stderr]     Checking oauth2 v2.0.0
[INFO] [stderr]     Checking simplelog v0.5.3
[INFO] [stderr]     Checking abscissa v0.0.4
[INFO] [stderr]     Checking reqwest v0.9.24
[INFO] [stderr]     Checking olaf2 v0.0.3 (/opt/rustwide/workdir)
[INFO] [stdout] error[E0252]: the name `Serialize` is defined multiple times
[INFO] [stdout]  --> src/msgs.rs:3:33
[INFO] [stdout]   |
[INFO] [stdout] 2 | use serde::{de::DeserializeOwned, Serialize};
[INFO] [stdout]   |                                   --------- previous import of the macro `Serialize` here
[INFO] [stdout] 3 | use serde_derive::{Deserialize, Serialize};
[INFO] [stdout]   |                                 ^^^^^^^^^ `Serialize` reimported here
[INFO] [stdout]   |
[INFO] [stdout]   = note: `Serialize` must be defined only once in the macro namespace of this module
[INFO] [stdout] 
[INFO] [stdout] 
[INFO] [stdout] error[E0252]: the name `Serialize` is defined multiple times
[INFO] [stdout]  --> src/msgs.rs:3:33
[INFO] [stdout]   |
[INFO] [stdout] 2 | use serde::{de::DeserializeOwned, Serialize};
[INFO] [stdout]   |                                   --------- previous import of the macro `Serialize` here
[INFO] [stdout] 3 | use serde_derive::{Deserialize, Serialize};
[INFO] [stdout]   |                                 ^^^^^^^^^ `Serialize` reimported here
[INFO] [stdout]   |
[INFO] [stdout]   = note: `Serialize` must be defined only once in the macro namespace of this module
[INFO] [stdout] 
[INFO] [stdout] 
[INFO] [stdout] error[E0432]: unresolved import `actix_web::server::Server`
[INFO] [stdout]   --> src/client.rs:14:20
[INFO] [stdout]    |
[INFO] [stdout] 14 |     server::{self, Server},
[INFO] [stdout]    |                    ^^^^^^ no `Server` in `server`
[INFO] [stdout] 
[INFO] [stdout] 
[INFO] [stdout] error[E0432]: unresolved import `actix_web::server::Server`
[INFO] [stdout]   --> src/client.rs:14:20
[INFO] [stdout]    |
[INFO] [stdout] 14 |     server::{self, Server},
[INFO] [stdout]    |                    ^^^^^^ no `Server` in `server`
[INFO] [stdout] 
[INFO] [stdout] 
[INFO] [stdout] warning: unused import: `lazy_static::lazy_static`
[INFO] [stdout]   --> src/client.rs:17:5
[INFO] [stdout]    |
[INFO] [stdout] 17 | use lazy_static::lazy_static;
[INFO] [stdout]    |     ^^^^^^^^^^^^^^^^^^^^^^^^
[INFO] [stdout]    |
[INFO] [stdout]    = note: `#[warn(unused_imports)]` on by default
[INFO] [stdout] 
[INFO] [stdout] 
[INFO] [stdout] warning: unused import: `serde_derive::Deserialize`
[INFO] [stdout]   --> src/client.rs:22:5
[INFO] [stdout]    |
[INFO] [stdout] 22 | use serde_derive::Deserialize;
[INFO] [stdout]    |     ^^^^^^^^^^^^^^^^^^^^^^^^^
[INFO] [stdout] 
[INFO] [stdout] 
[INFO] [stdout] warning: unused import: `crate::util::*`
[INFO] [stdout]   --> src/client.rs:30:5
[INFO] [stdout]    |
[INFO] [stdout] 30 | use crate::util::*;
[INFO] [stdout]    |     ^^^^^^^^^^^^^^
[INFO] [stdout] 
[INFO] [stdout] 
[INFO] [stdout] warning: unused import: `de::DeserializeOwned`
[INFO] [stdout]  --> src/msgs.rs:2:13
[INFO] [stdout]   |
[INFO] [stdout] 2 | use serde::{de::DeserializeOwned, Serialize};
[INFO] [stdout]   |             ^^^^^^^^^^^^^^^^^^^^
[INFO] [stdout] 
[INFO] [stdout] 
[INFO] [stdout] warning: unused import: `Serialize`
[INFO] [stdout]  --> src/msgs.rs:3:33
[INFO] [stdout]   |
[INFO] [stdout] 3 | use serde_derive::{Deserialize, Serialize};
[INFO] [stdout]   |                                 ^^^^^^^^^
[INFO] [stdout] 
[INFO] [stdout] 
[INFO] [stdout] warning: unused import: `lazy_static::lazy_static`
[INFO] [stdout]   --> src/client.rs:17:5
[INFO] [stdout]    |
[INFO] [stdout] 17 | use lazy_static::lazy_static;
[INFO] [stdout]    |     ^^^^^^^^^^^^^^^^^^^^^^^^
[INFO] [stdout]    |
[INFO] [stdout]    = note: `#[warn(unused_imports)]` on by default
[INFO] [stdout] 
[INFO] [stdout] 
[INFO] [stdout] warning: unused import: `serde_derive::Deserialize`
[INFO] [stdout]   --> src/client.rs:22:5
[INFO] [stdout]    |
[INFO] [stdout] 22 | use serde_derive::Deserialize;
[INFO] [stdout]    |     ^^^^^^^^^^^^^^^^^^^^^^^^^
[INFO] [stdout] 
[INFO] [stdout] 
[INFO] [stdout] warning: unused import: `crate::util::*`
[INFO] [stdout]   --> src/client.rs:30:5
[INFO] [stdout]    |
[INFO] [stdout] 30 | use crate::util::*;
[INFO] [stdout]    |     ^^^^^^^^^^^^^^
[INFO] [stdout] 
[INFO] [stdout] 
[INFO] [stdout] warning: unused import: `de::DeserializeOwned`
[INFO] [stdout]  --> src/msgs.rs:2:13
[INFO] [stdout]   |
[INFO] [stdout] 2 | use serde::{de::DeserializeOwned, Serialize};
[INFO] [stdout]   |             ^^^^^^^^^^^^^^^^^^^^
[INFO] [stdout] 
[INFO] [stdout] 
[INFO] [stdout] warning: unused import: `Serialize`
[INFO] [stdout]  --> src/msgs.rs:3:33
[INFO] [stdout]   |
[INFO] [stdout] 3 | use serde_derive::{Deserialize, Serialize};
[INFO] [stdout]   |                                 ^^^^^^^^^
[INFO] [stdout] 
[INFO] [stdout] 
[INFO] [stdout] error: aborting due to 2 previous errors; 5 warnings emitted
[INFO] [stdout] 
[INFO] [stdout] 
[INFO] [stdout] Some errors have detailed explanations: E0252, E0432.
[INFO] [stdout] 
[INFO] [stdout] For more information about an error, try `rustc --explain E0252`.
[INFO] [stdout] 
[INFO] [stderr] error: could not compile `olaf2`.
[INFO] [stderr] 
[INFO] [stderr] To learn more, run the command again with --verbose.
[INFO] [stderr] warning: build failed, waiting for other jobs to finish...
[INFO] [stdout] error: aborting due to 2 previous errors; 5 warnings emitted
[INFO] [stdout] 
[INFO] [stdout] 
[INFO] [stdout] Some errors have detailed explanations: E0252, E0432.
[INFO] [stdout] 
[INFO] [stdout] For more information about an error, try `rustc --explain E0252`.
[INFO] [stdout] 
[INFO] [stderr] error: build failed
[INFO] running `Command { std: "docker" "inspect" "4f69b998ea47768a9d08954b6ec805b4e504ec271944f43b18390c33ad2168d2", kill_on_drop: false }`
[INFO] running `Command { std: "docker" "rm" "-f" "4f69b998ea47768a9d08954b6ec805b4e504ec271944f43b18390c33ad2168d2", kill_on_drop: false }`
[INFO] [stdout] 4f69b998ea47768a9d08954b6ec805b4e504ec271944f43b18390c33ad2168d2
